5 = s*u, -b + 4*u + 81 = -0*u. What are the prime factors of b?
61
Let g = 142 - 140. Suppose 0 = -5*i - v + 292, -g*v = 5*i - 215 - 74. List the prime factors of i.
59
Let z = 1900 - 1860. List the prime factors of z.
2, 5
Suppose 15*p - 761 = 1924. What are the prime factors of p?
179
Let g(h) = h**2 + 11*h + 30. List the prime factors of g(-3).
2, 3
Suppose 0 = -2*y - x - 39, 0*y = 2*y - x + 45. Let t = 15 + y. List the prime factors of t/(-4) + (-118)/(-4).
31
Suppose 2*u - 1 = 15. Suppose 2*v - 29 = -u*d + 3*d, v = -d + 7. Suppose f - 2*m = 40, f + v*m - 24 = -0*f. What are the prime factors of f?
2
Let n be 842/7 + (-16)/56. Suppose 2*g - n = -5*z, z - 78 = -g + 3*z. What are the prime factors of (6/(-4))/((-5)/g)?
3, 7
Let d = -40 + 16. What are the prime factors of (-1350)/d - (-6)/8?
3, 19
Let m = -28 - -23. Let o(v) = -v - 2*v - 3 + v. List the prime factors of o(m).
7
Let v = -5 + 8. Suppose -q - 38 = -v*q. List the prime factors of q.
19
Let h = 12 - -8. Suppose 4*g + 5*j - 97 = 0, -4*g - 5*j = g - 120. Let f = g + h. What are the prime factors of f?
43
Suppose -n + 70 = 2*n - 5*f, -2*n = 5*f - 5. Suppose 5*l - 3*b - n = 0, 17 = 5*l + b + 2. Suppose -l*i + 18 = -27. What are the prime factors of i?
3, 5
Suppose 3*o = -t + 4244, -9*o + 13*o - 3*t = 5676. What are the prime factors of o?
2, 3, 59
Let m be ((-30)/(-25))/(2/(-10)). List the prime factors of m/(-4) + 91/14.
2
Let d(h) = -196*h + 12. Let y be d(9). List the prime factors of (y/120)/((-12)/10 + 1).
73
Let s be 2 - (1 + 2/(-1)). Let k(b) = b**2 - b - 3. Let y be k(s). Suppose y*l = l + 58. What are the prime factors of l?
29
Let u(s) = s - 4. Let h be u(6). Let w be h/6 - 287/(-21). List the prime factors of w/1*(-84)/(-49).
2, 3
Let x(k) = -k**3 - 9*k**2 - 4*k - 3. Let f be (-140)/15 - 2/(-6). List the prime factors of x(f).
3, 11
What are the prime factors of (-1560)/42*-2*7?
2, 5, 13
Suppose -4*k - k = -5. Suppose 0 = 3*a + k - 7. Suppose q = -2*z + 58, 2*q - 3*q = -a. List the prime factors of z.
2, 7
Let i(x) = -14 - 8*x - 31 + 8 - 9. List the prime factors of i(-14).
2, 3, 11
Let i = 64 - 55. Suppose -3*s + 210 = i. List the prime factors of s.
67
Let c = 63 - -30. List the prime factors of c.
3, 31
Let b = 114 - -148. Let i = b + -117. List the prime factors of i.
5, 29
List the prime factors of -2*(-5)/5*2287.
2, 2287
Suppose r = -z + 9, -2*r = -3*z - 1 + 3. Suppose -5*x + 7*m + 358 = z*m, 67 = x + 4*m. What are the prime factors of x?
71
Let v be (-4 + 3 + 0)*0. Suppose 1 = -b - v. Let u(y) = -2*y**3 + y**2 - y - 1. List the prime factors of u(b).
3
Let m(x) = 6*x. Let q(n) = 5*n. Suppose 6 = -4*c - 3*f - 22, 3*c = -5*f - 32. Let a(k) = c*m(k) + 5*q(k). List the prime factors of a(8).
2
Let n = -2698 - -4816. What are the prime factors of n?
2, 3, 353
Let g(t) = -t**3 + 30*t**2 + 43*t + 46. What are the prime factors of g(31)?
2, 11, 19
Let y(i) = 7*i**2 - 4*i + 3. Let b = -8 + 4. Let s be (b/3)/(14/(-21)). List the prime factors of y(s).
23
Suppose -23*f + 30*f = 14357. Suppose -7*l + f = 224. What are the prime factors of l?
3, 29
Let n be -5 - 133/(-28) - (-6)/(-8). List the prime factors of n/5 + (-5076)/(-30).
13
Let l(v) = 225*v + 75. What are the prime factors of l(10)?
3, 5, 31
Let n be (-5 - (-6)/2) + -3. Let y(j) = -21*j + 46. List the prime factors of y(n).
151
Suppose -8*w + 2*w + 1032 = 0. Let l = -37 + w. Suppose 3*t + 5*i = l, 0*i - 185 = -5*t + 5*i. What are the prime factors of t?
2, 5
Suppose 0 = -z - 3*t + 48, -t + 5*t + 316 = 5*z. Suppose -5*o + z = -o. List the prime factors of o.
3, 5
Suppose 5*j = -5*s + 4225, -6*j - 3356 = -4*s - 2*j. Suppose 2714 = 13*q + s. What are the prime factors of q?
2, 3
Let k be -6 - (0 + -2)/1. Let f be k*(-3)/6*5. Let b = 2 + f. What are the prime factors of b?
2, 3
Suppose -5*b + 2364 = 4*a, -7*b - 1746 = -3*a - 4*b. Let n = a - 394. What are the prime factors of n?
2, 3
Let x(w) = -41*w**3 + w**2 + w + 2. Let r = 0 + 2. Let t be x(r). What are the prime factors of -6*(t/(-12))/(-4)?
2, 5
Let k(n) = 33*n + 40. List the prime factors of k(6).
2, 7, 17
Let i(u) = -u**3 + 37*u**2 + 83*u - 16. What are the prime factors of i(39)?
179
Suppose 4*f - 139 = 3*l, 2 - 7 = 5*l. List the prime factors of f.
2, 17
Suppose 5*n - 9539 - 18631 = 0. What are the prime factors of n?
2, 3, 313
Suppose -4*p + u + 1297 = 0, -975 = -3*p - 17*u + 20*u. List the prime factors of p.
2, 3
Let w = 8 + -5. Let h be w*(176/(-12) - -1). Let s = h + 70. What are the prime factors of s?
29
List the prime factors of (-5)/((2/(-632))/((-33)/(-132))).
5, 79
Let x(a) = a**3 + 10*a**2 + 10*a + 7. Let t be x(-9). Let v(k) = -10*k + 1. Let f(m) = 11*m. Let n(u) = t*v(u) - 3*f(u). List the prime factors of n(-2).
2, 3
Let m(j) = 430*j - 5. List the prime factors of m(1).
5, 17
Suppose -j + 12 = -4*i, j - 4*i - 12 = 2*j. Suppose j = -3*u + 334 - 28. What are the prime factors of u?
2, 3, 17
Let k(t) = -339*t + 8. Let s be k(-3). Suppose 5*l - 445 = -2*d, -5*d + s = -5*l - 0*l. Suppose 5*z - 115 = d. What are the prime factors of z?
5, 13
Suppose 0 = 4*q + 2*k - 6, -5*q + 5 = k + 2. Suppose -v - 5*v + 12 = q. Suppose -v*z - 33 = -5*z. List the prime factors of z.
11
Suppose -3*m + 1679 + 1843 = 0. What are the prime factors of m?
2, 587
Suppose 7165 = 10*k - 10655. List the prime factors of k.
2, 3, 11
Let u(m) = 38*m**3 + m + 1. Let i be u(-1). Let k = i - -43. What are the prime factors of k?
5
Let r(b) = -18*b**3 - 9*b - 9. List the prime factors of r(-2).
3, 17
Suppose -7*c + 2725 + 1580 = 0. What are the prime factors of c?
3, 5, 41
Suppose -30*h + 29*h = -3. Let p(j) = 2*j**2 - 2*j + 14. List the prime factors of p(h).
2, 13
Let g(y) = y**3 + 14*y**2 + 10*y - 3. Let v be g(-7). Suppose -5*z + v = -40. What are the prime factors of z?
2, 31
Let u = -20 + 26. Suppose -9*d + u*d + 60 = 0. What are the prime factors of d?
2, 5
Let l be (6/4)/(6/32). Let a(j) = -2*j**3 + 6*j + 24. Let x be a(0). What are the prime factors of 6/x - (-286)/l?
2, 3
Suppose -7*r + 108 = -9*r. List the prime factors of (-4)/18 + (-12)/r + 61.
61
Let k be (484/(-110))/((-2)/(-10)). List the prime factors of k*3*(-5)/30.
11
Suppose 8*h - 5*h - 12 = 0. Suppose h*n + n + 5*o = 640, n - 120 = o. What are the prime factors of n?
2, 31
Let k(y) = -18*y + 243. List the prime factors of k(-18).
3, 7
Let x(i) = -2*i - 8. Let s be x(-3). Let u be (-15)/s*24/(-15). Let c(f) = -3*f + 2. What are the prime factors of c(u)?
2, 19
Let p(x) = -x**3 + 32*x**2 + 45*x - 292. List the prime factors of p(33).
2, 13
Suppose -6*a + 5*a - 14 = 0. Let m = 21 + a. What are the prime factors of m?
7
Let x(h) = 287*h - 111. List the prime factors of x(3).
2, 3, 5
Suppose -15*l + 66874 - 9694 = 0. List the prime factors of l.
2, 953
Let t be 4/(-2)*(-539)/(-22). Let z be 2/7 + (-35)/t. What are the prime factors of (z - 12/3) + 42?
3, 13
Suppose 8*v - 7*v - 20 = 0. List the prime factors of v.
2, 5
Let c be 75/30*4/5. Suppose t + 0*k = c*k + 54, 0 = k - 5. What are the prime factors of t?
2
Suppose -164*y = -161*y - 1212. List the prime factors of y.
2, 101
Let o(g) = g**3 - 5*g**2 - 5*g + 14. Let c(l) = -2*l**3 - l**2 + 2*l - 1. Let b be c(-2). What are the prime factors of o(b)?
7, 11
Let r(j) = 2*j**3 - 17*j**2 - 45*j - 23. List the prime factors of r(14).
3, 167
Suppose -43*q - 1616 = -51*q. What are the prime factors of q?
2, 101
Suppose -34 - 4 = 2*z. Let l = z - -18. Let x(i) = -51*i**3 - i. What are the prime factors of x(l)?
2, 13
Let b = -96 - -277. Let a = b + -86. Let j = a + -64. What are the prime factors of j?
31
Suppose 7*a - 3*a = -16. List the prime factors of a + 156 - (2 + -6 + 0).
2, 3, 13
Let m = 17 + -14. Let b(n) = -n**2 + 2*n + 6. Let x be b(m). What are the prime factors of x - (3 - (-78)/(-2))?
3, 13
Let f(z) = -38*z**2 + 20*z - 17. Let b(j) = 13*j**2 - 6*j + 6. Let v(k) = 7*b(k) + 2*f(k). List the prime factors of v(4).
2, 3, 5
Suppose -19*q + 21*q = 10. Suppose q*j = 2*j + 1206. What are the prime factors of 3/9 + j/9?
3, 5
Suppose 5*w - 5*d - 30 = 0, 2*w - 2 = 5*w + 2*d. Suppose 34 = -w*m - 3*p + 183, m = p + 67. What are the prime factors of m?
2, 5, 7
Let b = -386 + 542. List the prime factors of b.
2, 3, 13
Suppose -2*v = 1 - 9. Let z(b) = -b**3 + 5*b**2 - 4*b + 6.